{"id":1418,"date":"2023-10-10T01:05:29","date_gmt":"2023-10-10T04:05:29","guid":{"rendered":"https:\/\/bemfeitos.com.br\/?post_type=product&#038;p=1418"},"modified":"2024-03-07T13:31:37","modified_gmt":"2024-03-07T16:31:37","slug":"caderno-universitario-10-materias-be-nice","status":"publish","type":"product","link":"https:\/\/bemfeitos.com.br\/index.php\/product\/caderno-universitario-10-materias-be-nice\/","title":{"rendered":"Caderno Universit\u00e1rio 10 Mat\u00e9rias Be Nice"},"content":{"rendered":"<p class=\"description-text\">O Caderno Universit\u00e1rio 10 Mat\u00e9rias Be Nice 160 Folhas possui capa dura com a parte interna decorada, bolsa de papel decorada para guardar trabalhos e anota\u00e7\u00f5es, folha com adesivos funcionais, folhas pautadas decoradas e espiral colorido. Ideal para o dia a dia na escola ou na faculdade.<\/p>\n<div class=\"columns is-multiline\">\n<div class=\"column features\">\n<p><b>Detalhes<\/b><\/p>\n<p class=\"list\">Bolsa: de papel decorada<\/p>\n<p class=\"list\">Capa: dura<\/p>\n<p class=\"list\">Capa acabamento: com detalhe metalizado e com relevo<\/p>\n<p class=\"list\">Espiral: colorido<\/p>\n<p class=\"list\">Folha de adesivos<\/p>\n<p class=\"list\">Folhas: pautadas decoradas<\/p>\n<p class=\"list\">\u00cdndice\/separador de mat\u00e9rias: decorados<\/p>\n<p class=\"list\">Miolo: pautado decorado<\/p>\n<p class=\"list\">N\u00famero de mat\u00e9rias: 10 mat\u00e9rias<\/p>\n<p class=\"list\">Parte interna da capa decorada<\/p>\n<p class=\"list\">Produto certificado: FSC<\/p>\n<p class=\"list\">Formato: 200mm x 275mm<\/p>\n<p class=\"list\">Gramatura: 56 g\/m\u00b2<\/p>\n<p class=\"list\">N\u00famero de folhas: 160 folhas<\/p>\n<\/div>\n<\/div>\n<p>&nbsp;<\/p>\n<p><a href=\"https:\/\/bemfeitos.com.br\">Bem-Feito Presentes e Papelaria<\/a><\/p>\n","protected":false},"excerpt":{"rendered":"<p>O Caderno Universit\u00e1rio 10 Mat\u00e9rias Be Nice 160 Folhas, possui capa dura \u00e9 todo decorado e com adesivos funcionais, folhas pautadas e espiral colorido.<\/p>\n","protected":false},"featured_media":1420,"comment_status":"open","ping_status":"closed","template":"","meta":{"_monsterinsights_skip_tracking":false,"_monsterinsights_sitenote_active":false,"_monsterinsights_sitenote_note":"","_monsterinsights_sitenote_category":0,"site-sidebar-layout":"default","site-content-layout":"","ast-site-content-layout":"default","site-content-style":"default","site-sidebar-style":"default","ast-global-header-display":"","ast-banner-title-visibility":"","ast-main-header-display":"","ast-hfb-above-header-display":"","ast-hfb-below-header-display":"","ast-hfb-mobile-header-display":"","site-post-title":"","ast-breadcrumbs-content":"","ast-featured-img":"","footer-sml-layout":"","theme-transparent-header-meta":"default","adv-header-id-meta":"","stick-header-meta":"","header-above-stick-meta":"","header-main-stick-meta":"","header-below-stick-meta":"","astra-migrate-meta-layouts":"set"},"product_cat":[142],"product_tag":[60],"class_list":{"0":"post-1418","1":"product","2":"type-product","3":"status-publish","4":"has-post-thumbnail","6":"product_cat-caderno","7":"product_tag-tilibra","8":"desktop-align-left","9":"tablet-align-left","10":"mobile-align-left","12":"first","13":"instock","14":"purchasable","15":"product-type-variable"},"aioseo_notices":[],"_links":{"self":[{"href":"https:\/\/bemfeitos.com.br\/index.php\/wp-json\/wp\/v2\/product\/1418"}],"collection":[{"href":"https:\/\/bemfeitos.com.br\/index.php\/wp-json\/wp\/v2\/product"}],"about":[{"href":"https:\/\/bemfeitos.com.br\/index.php\/wp-json\/wp\/v2\/types\/product"}],"replies":[{"embeddable":true,"href":"https:\/\/bemfeitos.com.br\/index.php\/wp-json\/wp\/v2\/comments?post=1418"}],"version-history":[{"count":0,"href":"https:\/\/bemfeitos.com.br\/index.php\/wp-json\/wp\/v2\/product\/1418\/revisions"}],"wp:featuredmedia":[{"embeddable":true,"href":"https:\/\/bemfeitos.com.br\/index.php\/wp-json\/wp\/v2\/media\/1420"}],"wp:attachment":[{"href":"https:\/\/bemfeitos.com.br\/index.php\/wp-json\/wp\/v2\/media?parent=1418"}],"wp:term":[{"taxonomy":"product_cat","embeddable":true,"href":"https:\/\/bemfeitos.com.br\/index.php\/wp-json\/wp\/v2\/product_cat?post=1418"},{"taxonomy":"product_tag","embeddable":true,"href":"https:\/\/bemfeitos.com.br\/index.php\/wp-json\/wp\/v2\/product_tag?post=1418"}],"curies":[{"name":"wp","href":"https:\/\/api.w.org\/{rel}","templated":true}]}}