{"id":1503,"date":"2023-10-12T22:16:32","date_gmt":"2023-10-13T01:16:32","guid":{"rendered":"https:\/\/bemfeitos.com.br\/?post_type=product&#038;p=1503"},"modified":"2024-03-07T12:08:10","modified_gmt":"2024-03-07T15:08:10","slug":"conjunto-escrita-escolar-happy-blister-4-unidades","status":"publish","type":"product","link":"https:\/\/bemfeitos.com.br\/index.php\/product\/conjunto-escrita-escolar-happy-blister-4-unidades\/","title":{"rendered":"Conjunto Escrita Escolar Happy Blister &#8211; 4 unidades"},"content":{"rendered":"<p class=\"description-text\">O Conjunto Escrita Escolar HAppy possui os itens indispens\u00e1veis para o seu estojo escolar. Ele conta com dois L\u00e1pis Pretos Redondos com Borracha N.2 Happy, que s\u00e3o f\u00e1ceis de apontar, resistentes e com tra\u00e7o macio, uma Borracha Happy, com capa protetora em papel e super macia e um Apontador Happy, com l\u00e2mina em a\u00e7o carbono e dep\u00f3sito. A do\u00e7ura e a delicadeza dos tons pasteis de Happy trar\u00e3o mais positividade para o seu dia a dia!<\/p>\n<div class=\"columns is-multiline\">\n<div class=\"column features\">\n<p><b>Detalhes<\/b><\/p>\n<p class=\"list\">Alta qualidade<\/p>\n<p class=\"list\">Capa protetora<\/p>\n<p class=\"list\">Comprimento: 190mm<\/p>\n<p class=\"list\">Estampas sortidas<\/p>\n<p class=\"list\">Excelente desempenho ao apagar<\/p>\n<p class=\"list\">F\u00e1cil de apontar<\/p>\n<p class=\"list\">L\u00e2mina em a\u00e7o carbono<\/p>\n<p class=\"list\">Macia<\/p>\n<p class=\"list\">Madeira<\/p>\n<p class=\"list\">Maior resist\u00eancia e durabilidade<\/p>\n<p class=\"list\">Marca exclusiva<\/p>\n<p class=\"list\">Material<\/p>\n<p class=\"list\">Mina: 2mm<\/p>\n<p class=\"list\">Modelo de apontador: Com dep\u00f3sito<\/p>\n<p class=\"list\">N\u00e3o mancha papel<\/p>\n<p class=\"list\">N\u00e3o t\u00f3xico<\/p>\n<p class=\"list\">N\u00ba2<\/p>\n<p class=\"list\">Quantidade: 4<\/p>\n<p class=\"list\">Quantidade de furos: 1<\/p>\n<p class=\"list\">Sem FTALATO<\/p>\n<p class=\"list\">Tra\u00e7o macio<\/p>\n<\/div>\n<\/div>\n<p>&nbsp;<\/p>\n<p><a href=\"https:\/\/bemfeitos.com.br\">Bem-Feito Presentes e Papelaria<\/a><\/p>\n","protected":false},"excerpt":{"rendered":"<p>Conjunto Escrita Escolar HAppy conta com dois L\u00e1pis Pretos Redondos com Borracha N.2, que s\u00e3o f\u00e1ceis de apontar, resistentes e com tra\u00e7o macio, uma Borracha, com capa protetora em papel e super macia e um Apontador Happy, com l\u00e2mina em a\u00e7o carbono e dep\u00f3sito.<\/p>\n","protected":false},"featured_media":1504,"comment_status":"open","ping_status":"closed","template":"","meta":{"_monsterinsights_skip_tracking":false,"_monsterinsights_sitenote_active":false,"_monsterinsights_sitenote_note":"","_monsterinsights_sitenote_category":0,"site-sidebar-layout":"default","site-content-layout":"","ast-site-content-layout":"default","site-content-style":"default","site-sidebar-style":"default","ast-global-header-display":"","ast-banner-title-visibility":"","ast-main-header-display":"","ast-hfb-above-header-display":"","ast-hfb-below-header-display":"","ast-hfb-mobile-header-display":"","site-post-title":"","ast-breadcrumbs-content":"","ast-featured-img":"","footer-sml-layout":"","theme-transparent-header-meta":"default","adv-header-id-meta":"","stick-header-meta":"","header-above-stick-meta":"","header-main-stick-meta":"","header-below-stick-meta":"","astra-migrate-meta-layouts":"set"},"product_cat":[17,36],"product_tag":[60],"class_list":{"0":"post-1503","1":"product","2":"type-product","3":"status-publish","4":"has-post-thumbnail","6":"product_cat-acessorios","7":"product_cat-lapis","8":"product_tag-tilibra","9":"desktop-align-left","10":"tablet-align-left","11":"mobile-align-left","13":"first","14":"instock","15":"purchasable","16":"product-type-simple"},"aioseo_notices":[],"_links":{"self":[{"href":"https:\/\/bemfeitos.com.br\/index.php\/wp-json\/wp\/v2\/product\/1503"}],"collection":[{"href":"https:\/\/bemfeitos.com.br\/index.php\/wp-json\/wp\/v2\/product"}],"about":[{"href":"https:\/\/bemfeitos.com.br\/index.php\/wp-json\/wp\/v2\/types\/product"}],"replies":[{"embeddable":true,"href":"https:\/\/bemfeitos.com.br\/index.php\/wp-json\/wp\/v2\/comments?post=1503"}],"version-history":[{"count":0,"href":"https:\/\/bemfeitos.com.br\/index.php\/wp-json\/wp\/v2\/product\/1503\/revisions"}],"wp:featuredmedia":[{"embeddable":true,"href":"https:\/\/bemfeitos.com.br\/index.php\/wp-json\/wp\/v2\/media\/1504"}],"wp:attachment":[{"href":"https:\/\/bemfeitos.com.br\/index.php\/wp-json\/wp\/v2\/media?parent=1503"}],"wp:term":[{"taxonomy":"product_cat","embeddable":true,"href":"https:\/\/bemfeitos.com.br\/index.php\/wp-json\/wp\/v2\/product_cat?post=1503"},{"taxonomy":"product_tag","embeddable":true,"href":"https:\/\/bemfeitos.com.br\/index.php\/wp-json\/wp\/v2\/product_tag?post=1503"}],"curies":[{"name":"wp","href":"https:\/\/api.w.org\/{rel}","templated":true}]}}