{"id":1648,"date":"2023-12-28T12:27:15","date_gmt":"2023-12-28T15:27:15","guid":{"rendered":"https:\/\/bemfeitos.com.br\/?post_type=product&#038;p=1648"},"modified":"2024-11-09T03:35:36","modified_gmt":"2024-11-09T06:35:36","slug":"garrafa-picole","status":"publish","type":"product","link":"https:\/\/bemfeitos.com.br\/index.php\/product\/garrafa-picole\/","title":{"rendered":"Garrafa Picol\u00e9"},"content":{"rendered":"<p>Garrafa Picol\u00e9 \u00e9 ideal para hidrata\u00e7\u00e3o e divers\u00e3o!<br \/>\nF\u00e1cil de encher e beber a garrafa picol\u00e9 \u00e9 super resistente e \u00e9 um lindo presente.<br \/>\nA linda garrafa de \u00e1gua \u00e9 adequada para a volta as aulas, esportes ao ar livre, viagens, camping, ioga, academia, escrit\u00f3rio e outros lugares que voc\u00ea precisa se hidratar, possui capacidade de 240 ml, muito charmosa e pr\u00e1tica!<\/p>\n<p>Medidas aproximadas: 16 cm x 7 cm x 4 cm<\/p>\n<p>Cont\u00e9m: 1 garrafa no formato de picol\u00e9, 1 al\u00e7a ajust\u00e1vel, adesivos planos e adesivos 3D.<\/p>\n","protected":false},"excerpt":{"rendered":"<p>Garrafa picol\u00e9 \u00e9 ideal para crian\u00e7as, possui capacidade de 240 ml, muito charmosa e pr\u00e1tica!<\/p>\n","protected":false},"featured_media":1659,"comment_status":"open","ping_status":"closed","template":"","meta":{"_monsterinsights_skip_tracking":false,"_monsterinsights_sitenote_active":false,"_monsterinsights_sitenote_note":"","_monsterinsights_sitenote_category":0,"site-sidebar-layout":"default","site-content-layout":"","ast-site-content-layout":"default","site-content-style":"default","site-sidebar-style":"default","ast-global-header-display":"","ast-banner-title-visibility":"","ast-main-header-display":"","ast-hfb-above-header-display":"","ast-hfb-below-header-display":"","ast-hfb-mobile-header-display":"","site-post-title":"","ast-breadcrumbs-content":"","ast-featured-img":"","footer-sml-layout":"","theme-transparent-header-meta":"default","adv-header-id-meta":"","stick-header-meta":"","header-above-stick-meta":"","header-main-stick-meta":"","header-below-stick-meta":"","astra-migrate-meta-layouts":"set"},"product_cat":[17,27],"product_tag":[75,77],"class_list":{"0":"post-1648","1":"product","2":"type-product","3":"status-publish","4":"has-post-thumbnail","6":"product_cat-acessorios","7":"product_cat-brinquedos","8":"product_tag-garrafa","9":"product_tag-picole","10":"desktop-align-left","11":"tablet-align-left","12":"mobile-align-left","14":"first","15":"outofstock","16":"purchasable","17":"product-type-variable"},"aioseo_notices":[],"_links":{"self":[{"href":"https:\/\/bemfeitos.com.br\/index.php\/wp-json\/wp\/v2\/product\/1648"}],"collection":[{"href":"https:\/\/bemfeitos.com.br\/index.php\/wp-json\/wp\/v2\/product"}],"about":[{"href":"https:\/\/bemfeitos.com.br\/index.php\/wp-json\/wp\/v2\/types\/product"}],"replies":[{"embeddable":true,"href":"https:\/\/bemfeitos.com.br\/index.php\/wp-json\/wp\/v2\/comments?post=1648"}],"version-history":[{"count":1,"href":"https:\/\/bemfeitos.com.br\/index.php\/wp-json\/wp\/v2\/product\/1648\/revisions"}],"predecessor-version":[{"id":2853,"href":"https:\/\/bemfeitos.com.br\/index.php\/wp-json\/wp\/v2\/product\/1648\/revisions\/2853"}],"wp:featuredmedia":[{"embeddable":true,"href":"https:\/\/bemfeitos.com.br\/index.php\/wp-json\/wp\/v2\/media\/1659"}],"wp:attachment":[{"href":"https:\/\/bemfeitos.com.br\/index.php\/wp-json\/wp\/v2\/media?parent=1648"}],"wp:term":[{"taxonomy":"product_cat","embeddable":true,"href":"https:\/\/bemfeitos.com.br\/index.php\/wp-json\/wp\/v2\/product_cat?post=1648"},{"taxonomy":"product_tag","embeddable":true,"href":"https:\/\/bemfeitos.com.br\/index.php\/wp-json\/wp\/v2\/product_tag?post=1648"}],"curies":[{"name":"wp","href":"https:\/\/api.w.org\/{rel}","templated":true}]}}