{"id":1670,"date":"2024-01-12T01:18:37","date_gmt":"2024-01-12T04:18:37","guid":{"rendered":"https:\/\/bemfeitos.com.br\/?post_type=product&#038;p=1670"},"modified":"2025-01-24T01:06:31","modified_gmt":"2025-01-24T04:06:31","slug":"mochila-luluca-lulike","status":"publish","type":"product","link":"https:\/\/bemfeitos.com.br\/index.php\/product\/mochila-luluca-lulike\/","title":{"rendered":"Mochila Luluca Lulike"},"content":{"rendered":"<p>Voc\u00ea n\u00e3o pode perder a oportunidade de ter essa maravilhosa Mochila Luluca Lulike!<\/p>\n<p>Compre agora mesmo e tenha muita qualidade e beleza nas voltas as aulas.<\/p>\n<p>S\u00e3o 3 cores, rosa, azul e lil\u00e1s, extremamente espa\u00e7osa e muito resistente.<\/p>\n","protected":false},"excerpt":{"rendered":"<p>Fant\u00e1stica Mochila Luluca Lulike nas cores rosa, azul e lil\u00e1s.<br \/>\nN\u00e3o perca a oportunidade de voltar as aulas com alto estilo e charme.<\/p>\n","protected":false},"featured_media":1680,"comment_status":"open","ping_status":"closed","template":"","meta":{"_monsterinsights_skip_tracking":false,"_monsterinsights_sitenote_active":false,"_monsterinsights_sitenote_note":"","_monsterinsights_sitenote_category":0,"site-sidebar-layout":"default","site-content-layout":"","ast-site-content-layout":"default","site-content-style":"default","site-sidebar-style":"default","ast-global-header-display":"","ast-banner-title-visibility":"","ast-main-header-display":"","ast-hfb-above-header-display":"","ast-hfb-below-header-display":"","ast-hfb-mobile-header-display":"","site-post-title":"","ast-breadcrumbs-content":"","ast-featured-img":"","footer-sml-layout":"","theme-transparent-header-meta":"default","adv-header-id-meta":"","stick-header-meta":"","header-above-stick-meta":"","header-main-stick-meta":"","header-below-stick-meta":"","astra-migrate-meta-layouts":"set"},"product_cat":[16],"product_tag":[78,73],"class_list":{"0":"post-1670","1":"product","2":"type-product","3":"status-publish","4":"has-post-thumbnail","6":"product_cat-organizacao","7":"product_tag-luluca","8":"product_tag-mochila","9":"desktop-align-left","10":"tablet-align-left","11":"mobile-align-left","13":"first","14":"instock","15":"featured","16":"purchasable","17":"product-type-variable"},"aioseo_notices":[],"_links":{"self":[{"href":"https:\/\/bemfeitos.com.br\/index.php\/wp-json\/wp\/v2\/product\/1670"}],"collection":[{"href":"https:\/\/bemfeitos.com.br\/index.php\/wp-json\/wp\/v2\/product"}],"about":[{"href":"https:\/\/bemfeitos.com.br\/index.php\/wp-json\/wp\/v2\/types\/product"}],"replies":[{"embeddable":true,"href":"https:\/\/bemfeitos.com.br\/index.php\/wp-json\/wp\/v2\/comments?post=1670"}],"version-history":[{"count":2,"href":"https:\/\/bemfeitos.com.br\/index.php\/wp-json\/wp\/v2\/product\/1670\/revisions"}],"predecessor-version":[{"id":2743,"href":"https:\/\/bemfeitos.com.br\/index.php\/wp-json\/wp\/v2\/product\/1670\/revisions\/2743"}],"wp:featuredmedia":[{"embeddable":true,"href":"https:\/\/bemfeitos.com.br\/index.php\/wp-json\/wp\/v2\/media\/1680"}],"wp:attachment":[{"href":"https:\/\/bemfeitos.com.br\/index.php\/wp-json\/wp\/v2\/media?parent=1670"}],"wp:term":[{"taxonomy":"product_cat","embeddable":true,"href":"https:\/\/bemfeitos.com.br\/index.php\/wp-json\/wp\/v2\/product_cat?post=1670"},{"taxonomy":"product_tag","embeddable":true,"href":"https:\/\/bemfeitos.com.br\/index.php\/wp-json\/wp\/v2\/product_tag?post=1670"}],"curies":[{"name":"wp","href":"https:\/\/api.w.org\/{rel}","templated":true}]}}