{"id":1700,"date":"2024-01-22T13:07:07","date_gmt":"2024-01-22T16:07:07","guid":{"rendered":"https:\/\/bemfeitos.com.br\/?post_type=product&#038;p=1700"},"modified":"2024-03-07T12:28:42","modified_gmt":"2024-03-07T15:28:42","slug":"papel-a4-report-branco-com-500-folhas","status":"publish","type":"product","link":"https:\/\/bemfeitos.com.br\/index.php\/product\/papel-a4-report-branco-com-500-folhas\/","title":{"rendered":"Papel A4 Report Branco com 500 folhas 75g\/m\u00b2 Suzano"},"content":{"rendered":"<p>O Papel A4 Report Branco assim como os outros pap\u00e9is Suzano Report apresentam embalagens: padr\u00e3o internacional, mas com produ\u00e7\u00e3o 100% brasileira. Uma marca mais forte para competir no Brasil e no mundo, presente nos lares, escolas, empresas e todos os momentos onde se precisa de um papel de verdade. Essa \u00e9 nossa diferen\u00e7a.<\/p>\n<p>Presente nos lares, escolas, empresas e todos os momentos onde se precisa de um papel de verdade. Ideal para documentos do dia-a-dia como relat\u00f3rios, or\u00e7amentos, trabalhos escolares etc.<\/p>\n<p>Al\u00e9m da qualidade, aqui na <a href=\"https:\/\/bemfeitos.com.br\">Bem-Feito Presentes e Papelaria<\/a> voc\u00ea encontra pre\u00e7o baixo.<\/p>\n","protected":false},"excerpt":{"rendered":"<p>O Papel A4 Report Branco com produ\u00e7\u00e3o 100% nacional \u00e9 uma marca forte que compete no Brasil e no mundo, presente nos lares, escolas e empresas.<\/p>\n","protected":false},"featured_media":1702,"comment_status":"open","ping_status":"closed","template":"","meta":{"_monsterinsights_skip_tracking":false,"_monsterinsights_sitenote_active":false,"_monsterinsights_sitenote_note":"","_monsterinsights_sitenote_category":0,"site-sidebar-layout":"default","site-content-layout":"","ast-site-content-layout":"default","site-content-style":"default","site-sidebar-style":"default","ast-global-header-display":"","ast-banner-title-visibility":"","ast-main-header-display":"","ast-hfb-above-header-display":"","ast-hfb-below-header-display":"","ast-hfb-mobile-header-display":"","site-post-title":"","ast-breadcrumbs-content":"","ast-featured-img":"","footer-sml-layout":"","theme-transparent-header-meta":"default","adv-header-id-meta":"","stick-header-meta":"","header-above-stick-meta":"","header-main-stick-meta":"","header-below-stick-meta":"","astra-migrate-meta-layouts":"set"},"product_cat":[17],"product_tag":[90,91],"class_list":{"0":"post-1700","1":"product","2":"type-product","3":"status-publish","4":"has-post-thumbnail","6":"product_cat-acessorios","7":"product_tag-papel-a4","8":"product_tag-papel-oficio","9":"desktop-align-left","10":"tablet-align-left","11":"mobile-align-left","13":"first","14":"instock","15":"purchasable","16":"product-type-simple"},"aioseo_notices":[],"_links":{"self":[{"href":"https:\/\/bemfeitos.com.br\/index.php\/wp-json\/wp\/v2\/product\/1700"}],"collection":[{"href":"https:\/\/bemfeitos.com.br\/index.php\/wp-json\/wp\/v2\/product"}],"about":[{"href":"https:\/\/bemfeitos.com.br\/index.php\/wp-json\/wp\/v2\/types\/product"}],"replies":[{"embeddable":true,"href":"https:\/\/bemfeitos.com.br\/index.php\/wp-json\/wp\/v2\/comments?post=1700"}],"version-history":[{"count":0,"href":"https:\/\/bemfeitos.com.br\/index.php\/wp-json\/wp\/v2\/product\/1700\/revisions"}],"wp:featuredmedia":[{"embeddable":true,"href":"https:\/\/bemfeitos.com.br\/index.php\/wp-json\/wp\/v2\/media\/1702"}],"wp:attachment":[{"href":"https:\/\/bemfeitos.com.br\/index.php\/wp-json\/wp\/v2\/media?parent=1700"}],"wp:term":[{"taxonomy":"product_cat","embeddable":true,"href":"https:\/\/bemfeitos.com.br\/index.php\/wp-json\/wp\/v2\/product_cat?post=1700"},{"taxonomy":"product_tag","embeddable":true,"href":"https:\/\/bemfeitos.com.br\/index.php\/wp-json\/wp\/v2\/product_tag?post=1700"}],"curies":[{"name":"wp","href":"https:\/\/api.w.org\/{rel}","templated":true}]}}