{"id":1799,"date":"2024-02-13T01:56:28","date_gmt":"2024-02-13T04:56:28","guid":{"rendered":"https:\/\/bemfeitos.com.br\/?post_type=product&#038;p=1799"},"modified":"2025-01-24T00:50:23","modified_gmt":"2025-01-24T03:50:23","slug":"fita-decorativa-acb","status":"publish","type":"product","link":"https:\/\/bemfeitos.com.br\/index.php\/product\/fita-decorativa-acb\/","title":{"rendered":"Fita Decorativa ACB"},"content":{"rendered":"<p>A Fita Decorativa ACB 5mmX3m \u00e9 f\u00e1cil e pr\u00e1tica de usar, ideal para ser usada em qualquer tipo de papel para enfeitar e organizar diversas anota\u00e7\u00f5es, al\u00e9m de ter tr\u00eas designs divertidos e personalizados. <\/p>\n<p>Recomendado para uso em escrit\u00f3rio ou uso escolar. <\/p>\n<p>N\u00e3o t\u00f3xico e seguro para as crian\u00e7as.<\/p>\n","protected":false},"excerpt":{"rendered":"<p>A Fita Decorativa ACB \u00e9 f\u00e1cil e pr\u00e1tica de usar, ideal para ser usada em qualquer tipo de papel para enfeitar e organizar.<\/p>\n","protected":false},"featured_media":1860,"comment_status":"open","ping_status":"closed","template":"","meta":{"_monsterinsights_skip_tracking":false,"_monsterinsights_sitenote_active":false,"_monsterinsights_sitenote_note":"","_monsterinsights_sitenote_category":0,"site-sidebar-layout":"default","site-content-layout":"","ast-site-content-layout":"default","site-content-style":"default","site-sidebar-style":"default","ast-global-header-display":"","ast-banner-title-visibility":"","ast-main-header-display":"","ast-hfb-above-header-display":"","ast-hfb-below-header-display":"","ast-hfb-mobile-header-display":"","site-post-title":"","ast-breadcrumbs-content":"","ast-featured-img":"","footer-sml-layout":"","theme-transparent-header-meta":"default","adv-header-id-meta":"","stick-header-meta":"","header-above-stick-meta":"","header-main-stick-meta":"","header-below-stick-meta":"","astra-migrate-meta-layouts":"set"},"product_cat":[15],"product_tag":[60],"class_list":{"0":"post-1799","1":"product","2":"type-product","3":"status-publish","4":"has-post-thumbnail","6":"product_cat-uncategorized","7":"product_tag-tilibra","8":"desktop-align-left","9":"tablet-align-left","10":"mobile-align-left","12":"first","13":"instock","14":"sale","15":"purchasable","16":"product-type-variable"},"aioseo_notices":[],"_links":{"self":[{"href":"https:\/\/bemfeitos.com.br\/index.php\/wp-json\/wp\/v2\/product\/1799"}],"collection":[{"href":"https:\/\/bemfeitos.com.br\/index.php\/wp-json\/wp\/v2\/product"}],"about":[{"href":"https:\/\/bemfeitos.com.br\/index.php\/wp-json\/wp\/v2\/types\/product"}],"replies":[{"embeddable":true,"href":"https:\/\/bemfeitos.com.br\/index.php\/wp-json\/wp\/v2\/comments?post=1799"}],"version-history":[{"count":2,"href":"https:\/\/bemfeitos.com.br\/index.php\/wp-json\/wp\/v2\/product\/1799\/revisions"}],"predecessor-version":[{"id":2903,"href":"https:\/\/bemfeitos.com.br\/index.php\/wp-json\/wp\/v2\/product\/1799\/revisions\/2903"}],"wp:featuredmedia":[{"embeddable":true,"href":"https:\/\/bemfeitos.com.br\/index.php\/wp-json\/wp\/v2\/media\/1860"}],"wp:attachment":[{"href":"https:\/\/bemfeitos.com.br\/index.php\/wp-json\/wp\/v2\/media?parent=1799"}],"wp:term":[{"taxonomy":"product_cat","embeddable":true,"href":"https:\/\/bemfeitos.com.br\/index.php\/wp-json\/wp\/v2\/product_cat?post=1799"},{"taxonomy":"product_tag","embeddable":true,"href":"https:\/\/bemfeitos.com.br\/index.php\/wp-json\/wp\/v2\/product_tag?post=1799"}],"curies":[{"name":"wp","href":"https:\/\/api.w.org\/{rel}","templated":true}]}}