{"id":1817,"date":"2024-02-13T01:56:29","date_gmt":"2024-02-13T04:56:29","guid":{"rendered":"https:\/\/bemfeitos.com.br\/?post_type=product&#038;p=1817"},"modified":"2024-03-07T12:18:47","modified_gmt":"2024-03-07T15:18:47","slug":"regua-panda-15cm","status":"publish","type":"product","link":"https:\/\/bemfeitos.com.br\/index.php\/product\/regua-panda-15cm\/","title":{"rendered":"R\u00e9gua Panda 15 cm"},"content":{"rendered":"<p>Com a r\u00e9gua Panda 15 cm da Tilibra voc\u00ea ir\u00e1 medir o que precisa de uma maneira muito mais fofa e divertida. O acess\u00f3rio \u00e9 produzido com poliestireno e tem 15 cent\u00edmetros.<br \/>\nAlta qualidade: Sim<br \/>\nF\u00e1cil para manusear: Sim<br \/>\nMaior resist\u00eancia e durabilidade: Sim<br \/>\nMarca exclusiva: Sim<br \/>\nModelo: Decorada<br \/>\nN\u00e3o t\u00f3xico: Sim<br \/>\nPoliestireno: Sim<br \/>\nProduto certificado: INMETRO<br \/>\nSem FTALATO: Sim<br \/>\nTamanho: 15cm<br \/>\nCom a r\u00e9gua de 15 cm Tilibra voc\u00ea pode medir com precis\u00e3o tudo o que desejar e ainda deixa seu material escolar com um toque mais charmoso e divertido. O produto tem superf\u00edcie lisa e resistente para garantir a leitura clara e f\u00e1cil das medidas que precisar fazer.<br \/>\nA r\u00e9gua de poliestireno \u00e9 uma op\u00e7\u00e3o pr\u00e1tica, ideal para voc\u00ea que procura um material de qualidade, sem abrir m\u00e3o do custo-benef\u00edcio.<\/p>\n","protected":false},"excerpt":{"rendered":"<p>Voc\u00ea ir\u00e1 medir o que precisa de uma maneira muito mais fofa e divertida com a r\u00e9gua panda da Tilibra. Feita com poliestireno e tem 15 cent\u00edmetros.<\/p>\n","protected":false},"featured_media":1934,"comment_status":"open","ping_status":"closed","template":"","meta":{"_monsterinsights_skip_tracking":false,"_monsterinsights_sitenote_active":false,"_monsterinsights_sitenote_note":"","_monsterinsights_sitenote_category":0,"site-sidebar-layout":"default","site-content-layout":"","ast-site-content-layout":"default","site-content-style":"default","site-sidebar-style":"default","ast-global-header-display":"","ast-banner-title-visibility":"","ast-main-header-display":"","ast-hfb-above-header-display":"","ast-hfb-below-header-display":"","ast-hfb-mobile-header-display":"","site-post-title":"","ast-breadcrumbs-content":"","ast-featured-img":"","footer-sml-layout":"","theme-transparent-header-meta":"default","adv-header-id-meta":"","stick-header-meta":"","header-above-stick-meta":"","header-main-stick-meta":"","header-below-stick-meta":"","astra-migrate-meta-layouts":"set"},"product_cat":[17],"product_tag":[115,60],"class_list":{"0":"post-1817","1":"product","2":"type-product","3":"status-publish","4":"has-post-thumbnail","6":"product_cat-acessorios","7":"product_tag-regua","8":"product_tag-tilibra","9":"desktop-align-left","10":"tablet-align-left","11":"mobile-align-left","13":"first","14":"instock","15":"purchasable","16":"product-type-simple"},"aioseo_notices":[],"_links":{"self":[{"href":"https:\/\/bemfeitos.com.br\/index.php\/wp-json\/wp\/v2\/product\/1817"}],"collection":[{"href":"https:\/\/bemfeitos.com.br\/index.php\/wp-json\/wp\/v2\/product"}],"about":[{"href":"https:\/\/bemfeitos.com.br\/index.php\/wp-json\/wp\/v2\/types\/product"}],"replies":[{"embeddable":true,"href":"https:\/\/bemfeitos.com.br\/index.php\/wp-json\/wp\/v2\/comments?post=1817"}],"version-history":[{"count":1,"href":"https:\/\/bemfeitos.com.br\/index.php\/wp-json\/wp\/v2\/product\/1817\/revisions"}],"predecessor-version":[{"id":1932,"href":"https:\/\/bemfeitos.com.br\/index.php\/wp-json\/wp\/v2\/product\/1817\/revisions\/1932"}],"wp:featuredmedia":[{"embeddable":true,"href":"https:\/\/bemfeitos.com.br\/index.php\/wp-json\/wp\/v2\/media\/1934"}],"wp:attachment":[{"href":"https:\/\/bemfeitos.com.br\/index.php\/wp-json\/wp\/v2\/media?parent=1817"}],"wp:term":[{"taxonomy":"product_cat","embeddable":true,"href":"https:\/\/bemfeitos.com.br\/index.php\/wp-json\/wp\/v2\/product_cat?post=1817"},{"taxonomy":"product_tag","embeddable":true,"href":"https:\/\/bemfeitos.com.br\/index.php\/wp-json\/wp\/v2\/product_tag?post=1817"}],"curies":[{"name":"wp","href":"https:\/\/api.w.org\/{rel}","templated":true}]}}