{"id":1818,"date":"2024-02-13T01:56:29","date_gmt":"2024-02-13T04:56:29","guid":{"rendered":"https:\/\/bemfeitos.com.br\/?post_type=product&#038;p=1818"},"modified":"2024-03-07T12:19:01","modified_gmt":"2024-03-07T15:19:01","slug":"tesoura-esc-131mm-panda-blt","status":"publish","type":"product","link":"https:\/\/bemfeitos.com.br\/index.php\/product\/tesoura-esc-131mm-panda-blt\/","title":{"rendered":"Tesoura Escolar 131mm\u00a0Panda"},"content":{"rendered":"<p>A tesoura escolar Tilibra \u00e9 a escolha perfeita para crian\u00e7as e jovens que precisam de uma ferramenta bonita e confi\u00e1vel para realizar trabalhos escolares. Com l\u00e2mina segura e resistente, \u00e9 ideal para cortar pap\u00e9is de forma pr\u00e1tica e sem esfor\u00e7o. Adquira agora mesmo a tesoura escolar Tilibra! Compre on-line e receba em casa com rapidez e seguran\u00e7a.<\/p>\n<p>A hora do estudo pode se tornar muito mais criativa e divertida aqui na <a href=\"https:\/\/bemfeitos.com.br\">Bem-Feito Presentes e Papelaria<\/a>. Entre os destaques est\u00e3o acess\u00f3rios com motivo de <a href=\"https:\/\/bemfeitos.com.br\/?s=panda\">Panda<\/a>. O bichinho, que representa gentileza e \u00e9 s\u00edmbolo de harmonia, traz gra\u00e7a e muito charme a itens do material escolar. Conhe\u00e7a todas as op\u00e7\u00f5es da linha panda e monte seu kit de papelaria fofa!<\/p>\n","protected":false},"excerpt":{"rendered":"<p>A tesoura escolar Tilibra \u00e9 a escolha perfeita para crian\u00e7as e jovens que precisam de uma ferramenta bonita e confi\u00e1vel para realizar trabalhos escolares.<\/p>\n","protected":false},"featured_media":1931,"comment_status":"open","ping_status":"closed","template":"","meta":{"_monsterinsights_skip_tracking":false,"_monsterinsights_sitenote_active":false,"_monsterinsights_sitenote_note":"","_monsterinsights_sitenote_category":0,"site-sidebar-layout":"default","site-content-layout":"","ast-site-content-layout":"default","site-content-style":"default","site-sidebar-style":"default","ast-global-header-display":"","ast-banner-title-visibility":"","ast-main-header-display":"","ast-hfb-above-header-display":"","ast-hfb-below-header-display":"","ast-hfb-mobile-header-display":"","site-post-title":"","ast-breadcrumbs-content":"","ast-featured-img":"","footer-sml-layout":"","theme-transparent-header-meta":"default","adv-header-id-meta":"","stick-header-meta":"","header-above-stick-meta":"","header-main-stick-meta":"","header-below-stick-meta":"","astra-migrate-meta-layouts":"set"},"product_cat":[17],"product_tag":[112,95,60],"class_list":{"0":"post-1818","1":"product","2":"type-product","3":"status-publish","4":"has-post-thumbnail","6":"product_cat-acessorios","7":"product_tag-panda","8":"product_tag-tesoura","9":"product_tag-tilibra","10":"desktop-align-left","11":"tablet-align-left","12":"mobile-align-left","14":"first","15":"instock","16":"purchasable","17":"product-type-simple"},"aioseo_notices":[],"_links":{"self":[{"href":"https:\/\/bemfeitos.com.br\/index.php\/wp-json\/wp\/v2\/product\/1818"}],"collection":[{"href":"https:\/\/bemfeitos.com.br\/index.php\/wp-json\/wp\/v2\/product"}],"about":[{"href":"https:\/\/bemfeitos.com.br\/index.php\/wp-json\/wp\/v2\/types\/product"}],"replies":[{"embeddable":true,"href":"https:\/\/bemfeitos.com.br\/index.php\/wp-json\/wp\/v2\/comments?post=1818"}],"version-history":[{"count":1,"href":"https:\/\/bemfeitos.com.br\/index.php\/wp-json\/wp\/v2\/product\/1818\/revisions"}],"predecessor-version":[{"id":1929,"href":"https:\/\/bemfeitos.com.br\/index.php\/wp-json\/wp\/v2\/product\/1818\/revisions\/1929"}],"wp:featuredmedia":[{"embeddable":true,"href":"https:\/\/bemfeitos.com.br\/index.php\/wp-json\/wp\/v2\/media\/1931"}],"wp:attachment":[{"href":"https:\/\/bemfeitos.com.br\/index.php\/wp-json\/wp\/v2\/media?parent=1818"}],"wp:term":[{"taxonomy":"product_cat","embeddable":true,"href":"https:\/\/bemfeitos.com.br\/index.php\/wp-json\/wp\/v2\/product_cat?post=1818"},{"taxonomy":"product_tag","embeddable":true,"href":"https:\/\/bemfeitos.com.br\/index.php\/wp-json\/wp\/v2\/product_tag?post=1818"}],"curies":[{"name":"wp","href":"https:\/\/api.w.org\/{rel}","templated":true}]}}