{"id":2000,"date":"2024-02-17T09:01:26","date_gmt":"2024-02-17T12:01:26","guid":{"rendered":"https:\/\/bemfeitos.com.br\/?post_type=product&#038;p=2000"},"modified":"2024-02-17T17:15:24","modified_gmt":"2024-02-17T20:15:24","slug":"marca-texto-grifpen-verde-agua","status":"publish","type":"product","link":"https:\/\/bemfeitos.com.br\/index.php\/product\/marca-texto-grifpen-verde-agua\/","title":{"rendered":"Marca Texto Grifpen Verde \u00c1gua"},"content":{"rendered":"<p>Com o Marca Texto Grifpen Verde \u00c1gua Faber-Castell voc\u00ea destaca o que for importante com toda a qualidade desejada. Al\u00e9m desde a Faber Castel tem outros com cores super vivas e ponta macia para um destaque preciso e ao mesmo tempo suave. Eles s\u00e3o resistentes, feitos com materiais ecol\u00f3gicos e ainda tem v\u00e1rios modelos de acordo com o seu estilo ou trabalho.<\/p>\n<p>Especifica\u00e7\u00f5es<\/p>\n<p>Cor: Verde \u00e1gua<\/p>\n<p>Tinta de m\u00e1xima durabilidade.<\/p>\n<p>Formato triangular ergon\u00f4mico: garantia de conforto e melhor escrita.<\/p>\n<p>3 Espessuras de tra\u00e7o.<\/p>\n<p>Escreve at\u00e9 2x mais.<\/p>\n<p>Espessura do tra\u00e7o: 0,4 &#8211; 3,5mm<\/p>\n","protected":false},"excerpt":{"rendered":"<p>Com o Marca Texto Grifpen Verde \u00c1gua Faber-Castell voc\u00ea destaca o que for importante com toda a qualidade desejada. <\/p>\n","protected":false},"featured_media":2380,"comment_status":"open","ping_status":"closed","template":"","meta":{"_monsterinsights_skip_tracking":false,"_monsterinsights_sitenote_active":false,"_monsterinsights_sitenote_note":"","_monsterinsights_sitenote_category":0,"site-sidebar-layout":"default","site-content-layout":"","ast-site-content-layout":"default","site-content-style":"default","site-sidebar-style":"default","ast-global-header-display":"","ast-banner-title-visibility":"","ast-main-header-display":"","ast-hfb-above-header-display":"","ast-hfb-below-header-display":"","ast-hfb-mobile-header-display":"","site-post-title":"","ast-breadcrumbs-content":"","ast-featured-img":"","footer-sml-layout":"","theme-transparent-header-meta":"default","adv-header-id-meta":"","stick-header-meta":"","header-above-stick-meta":"","header-main-stick-meta":"","header-below-stick-meta":"","astra-migrate-meta-layouts":"set"},"product_cat":[34],"product_tag":[47,86],"class_list":{"0":"post-2000","1":"product","2":"type-product","3":"status-publish","4":"has-post-thumbnail","6":"product_cat-marca-texto","7":"product_tag-faber-castell","8":"product_tag-marca-texto","9":"desktop-align-left","10":"tablet-align-left","11":"mobile-align-left","13":"first","14":"instock","15":"purchasable","16":"product-type-simple"},"aioseo_notices":[],"_links":{"self":[{"href":"https:\/\/bemfeitos.com.br\/index.php\/wp-json\/wp\/v2\/product\/2000"}],"collection":[{"href":"https:\/\/bemfeitos.com.br\/index.php\/wp-json\/wp\/v2\/product"}],"about":[{"href":"https:\/\/bemfeitos.com.br\/index.php\/wp-json\/wp\/v2\/types\/product"}],"replies":[{"embeddable":true,"href":"https:\/\/bemfeitos.com.br\/index.php\/wp-json\/wp\/v2\/comments?post=2000"}],"version-history":[{"count":0,"href":"https:\/\/bemfeitos.com.br\/index.php\/wp-json\/wp\/v2\/product\/2000\/revisions"}],"wp:featuredmedia":[{"embeddable":true,"href":"https:\/\/bemfeitos.com.br\/index.php\/wp-json\/wp\/v2\/media\/2380"}],"wp:attachment":[{"href":"https:\/\/bemfeitos.com.br\/index.php\/wp-json\/wp\/v2\/media?parent=2000"}],"wp:term":[{"taxonomy":"product_cat","embeddable":true,"href":"https:\/\/bemfeitos.com.br\/index.php\/wp-json\/wp\/v2\/product_cat?post=2000"},{"taxonomy":"product_tag","embeddable":true,"href":"https:\/\/bemfeitos.com.br\/index.php\/wp-json\/wp\/v2\/product_tag?post=2000"}],"curies":[{"name":"wp","href":"https:\/\/api.w.org\/{rel}","templated":true}]}}