{"id":2515,"date":"2024-02-23T10:46:20","date_gmt":"2024-02-23T13:46:20","guid":{"rendered":"https:\/\/bemfeitos.com.br\/?post_type=product&#038;p=2515"},"modified":"2024-11-17T00:11:32","modified_gmt":"2024-11-17T03:11:32","slug":"strap-go-luluca","status":"publish","type":"product","link":"https:\/\/bemfeitos.com.br\/index.php\/product\/strap-go-luluca\/","title":{"rendered":"Strap &#038; Go Luluca"},"content":{"rendered":"<p>A Paix\u00e3o pelo Pandinha em forma de Strap &#038; GO.<br \/>\nEra o que faltava para o seu CI Pandinha ficar ainda mais completo!<\/p>\n<p>Leve o seu CI com todo estilo e praticidade com o exclusivo Strap &#038; Go Luluca. Com seu acabamento ACETINADO e DEGRAD\u00ca, esse acess\u00f3rio d\u00e1 um toque de delicadeza e personalidade. Com al\u00e7a ajust\u00e1vel e mosquet\u00e3o de a\u00e7o, o Strap &#038; Go Luluca oferece mais praticidade para carregar o seu #cadernoBFF por onde for.<\/p>\n","protected":false},"excerpt":{"rendered":"<p>A Paix\u00e3o pelo Pandinha em forma de Strap &#038; GO.<br \/>\nEra o que faltava para o seu CI Pandinha ficar ainda mais completo!<\/p>\n","protected":false},"featured_media":2627,"comment_status":"open","ping_status":"closed","template":"","meta":{"_monsterinsights_skip_tracking":false,"_monsterinsights_sitenote_active":false,"_monsterinsights_sitenote_note":"","_monsterinsights_sitenote_category":0,"site-sidebar-layout":"default","site-content-layout":"","ast-site-content-layout":"default","site-content-style":"default","site-sidebar-style":"default","ast-global-header-display":"","ast-banner-title-visibility":"","ast-main-header-display":"","ast-hfb-above-header-display":"","ast-hfb-below-header-display":"","ast-hfb-mobile-header-display":"","site-post-title":"","ast-breadcrumbs-content":"","ast-featured-img":"","footer-sml-layout":"","theme-transparent-header-meta":"default","adv-header-id-meta":"","stick-header-meta":"","header-above-stick-meta":"","header-main-stick-meta":"","header-below-stick-meta":"","astra-migrate-meta-layouts":"set"},"product_cat":[15],"product_tag":[48,78,130],"class_list":{"0":"post-2515","1":"product","2":"type-product","3":"status-publish","4":"has-post-thumbnail","6":"product_cat-uncategorized","7":"product_tag-caderno-inteligente","8":"product_tag-luluca","9":"product_tag-strap","10":"desktop-align-left","11":"tablet-align-left","12":"mobile-align-left","14":"first","15":"instock","16":"purchasable","17":"product-type-simple"},"aioseo_notices":[],"_links":{"self":[{"href":"https:\/\/bemfeitos.com.br\/index.php\/wp-json\/wp\/v2\/product\/2515"}],"collection":[{"href":"https:\/\/bemfeitos.com.br\/index.php\/wp-json\/wp\/v2\/product"}],"about":[{"href":"https:\/\/bemfeitos.com.br\/index.php\/wp-json\/wp\/v2\/types\/product"}],"replies":[{"embeddable":true,"href":"https:\/\/bemfeitos.com.br\/index.php\/wp-json\/wp\/v2\/comments?post=2515"}],"version-history":[{"count":2,"href":"https:\/\/bemfeitos.com.br\/index.php\/wp-json\/wp\/v2\/product\/2515\/revisions"}],"predecessor-version":[{"id":2865,"href":"https:\/\/bemfeitos.com.br\/index.php\/wp-json\/wp\/v2\/product\/2515\/revisions\/2865"}],"wp:featuredmedia":[{"embeddable":true,"href":"https:\/\/bemfeitos.com.br\/index.php\/wp-json\/wp\/v2\/media\/2627"}],"wp:attachment":[{"href":"https:\/\/bemfeitos.com.br\/index.php\/wp-json\/wp\/v2\/media?parent=2515"}],"wp:term":[{"taxonomy":"product_cat","embeddable":true,"href":"https:\/\/bemfeitos.com.br\/index.php\/wp-json\/wp\/v2\/product_cat?post=2515"},{"taxonomy":"product_tag","embeddable":true,"href":"https:\/\/bemfeitos.com.br\/index.php\/wp-json\/wp\/v2\/product_tag?post=2515"}],"curies":[{"name":"wp","href":"https:\/\/api.w.org\/{rel}","templated":true}]}}