{"id":2712,"date":"2024-02-26T14:07:02","date_gmt":"2024-02-26T17:07:02","guid":{"rendered":"https:\/\/bemfeitos.com.br\/?post_type=product&#038;p=2712"},"modified":"2024-03-07T11:56:38","modified_gmt":"2024-03-07T14:56:38","slug":"divisorias-pastel","status":"publish","type":"product","link":"https:\/\/bemfeitos.com.br\/index.php\/product\/divisorias-pastel\/","title":{"rendered":"Divis\u00f3rias Pastel"},"content":{"rendered":"<p>Muitas mat\u00e9rias ou muitos assuntos pedem divis\u00f3rias e pra quem ama leveza as Divis\u00f3rias Pastel certamente \u00e9 uma boa escolha. Com elas, voc\u00ea customiza o seu caderno conforme o semestre ou o seu momento de vida. As abas facilitam ainda mais na hora de encontrar o que voc\u00ea est\u00e1 procurando dentro do caderno.<\/p>\n<p>Cada pacote vem com 4 divis\u00f3rias e est\u00e3o dispon\u00edveis para o Caderno Inteligente A5, o Caderno Inteligente M\u00e9dio, com abas na parte superior e e inferior da divis\u00f3ria, e o Caderno Inteligente Grande, com abas nas laterais.<\/p>\n<p>Mais organiza\u00e7\u00e3o no seu BFF<\/p>\n","protected":false},"excerpt":{"rendered":"<p>Muitas mat\u00e9rias ou muitos assuntos pedem divis\u00f3rias e pra quem ama leveza as Divis\u00f3rias Pastel certamente \u00e9 uma boa escolha.<\/p>\n","protected":false},"featured_media":2713,"comment_status":"open","ping_status":"closed","template":"","meta":{"_monsterinsights_skip_tracking":false,"_monsterinsights_sitenote_active":false,"_monsterinsights_sitenote_note":"","_monsterinsights_sitenote_category":0,"site-sidebar-layout":"default","site-content-layout":"","ast-site-content-layout":"default","site-content-style":"default","site-sidebar-style":"default","ast-global-header-display":"","ast-banner-title-visibility":"","ast-main-header-display":"","ast-hfb-above-header-display":"","ast-hfb-below-header-display":"","ast-hfb-mobile-header-display":"","site-post-title":"","ast-breadcrumbs-content":"","ast-featured-img":"","footer-sml-layout":"","theme-transparent-header-meta":"default","adv-header-id-meta":"","stick-header-meta":"","header-above-stick-meta":"","header-main-stick-meta":"","header-below-stick-meta":"","astra-migrate-meta-layouts":"set"},"product_cat":[17],"product_tag":[48,140],"class_list":{"0":"post-2712","1":"product","2":"type-product","3":"status-publish","4":"has-post-thumbnail","6":"product_cat-acessorios","7":"product_tag-caderno-inteligente","8":"product_tag-divisoria-pastel","9":"desktop-align-left","10":"tablet-align-left","11":"mobile-align-left","13":"first","14":"instock","15":"purchasable","16":"product-type-simple"},"aioseo_notices":[],"_links":{"self":[{"href":"https:\/\/bemfeitos.com.br\/index.php\/wp-json\/wp\/v2\/product\/2712"}],"collection":[{"href":"https:\/\/bemfeitos.com.br\/index.php\/wp-json\/wp\/v2\/product"}],"about":[{"href":"https:\/\/bemfeitos.com.br\/index.php\/wp-json\/wp\/v2\/types\/product"}],"replies":[{"embeddable":true,"href":"https:\/\/bemfeitos.com.br\/index.php\/wp-json\/wp\/v2\/comments?post=2712"}],"version-history":[{"count":0,"href":"https:\/\/bemfeitos.com.br\/index.php\/wp-json\/wp\/v2\/product\/2712\/revisions"}],"wp:featuredmedia":[{"embeddable":true,"href":"https:\/\/bemfeitos.com.br\/index.php\/wp-json\/wp\/v2\/media\/2713"}],"wp:attachment":[{"href":"https:\/\/bemfeitos.com.br\/index.php\/wp-json\/wp\/v2\/media?parent=2712"}],"wp:term":[{"taxonomy":"product_cat","embeddable":true,"href":"https:\/\/bemfeitos.com.br\/index.php\/wp-json\/wp\/v2\/product_cat?post=2712"},{"taxonomy":"product_tag","embeddable":true,"href":"https:\/\/bemfeitos.com.br\/index.php\/wp-json\/wp\/v2\/product_tag?post=2712"}],"curies":[{"name":"wp","href":"https:\/\/api.w.org\/{rel}","templated":true}]}}