{"id":2925,"date":"2025-02-10T09:48:24","date_gmt":"2025-02-10T12:48:24","guid":{"rendered":"https:\/\/bemfeitos.com.br\/?post_type=product&#038;p=2925"},"modified":"2025-02-10T09:54:09","modified_gmt":"2025-02-10T12:54:09","slug":"capivara-de-pelucia-com-cachecol","status":"publish","type":"product","link":"https:\/\/bemfeitos.com.br\/index.php\/product\/capivara-de-pelucia-com-cachecol\/","title":{"rendered":"Capivara de pel\u00facia com cachecol"},"content":{"rendered":"<p>Para os apaixonados por bichinhos de pel\u00facia, essa capivara de pel\u00facia \u00e9 uma loucuraaaaaaaa&#8230;&#8230;.<br \/>\nLinda, divertida e extremamente fofa \u00e9 assim que podemos definir essa capivara de pel\u00facia com mochila de tartaruga.<\/p>\n<p>Voc\u00ea vai perder a oportunidade de ter esse encanto com voc\u00ea?<\/p>\n<p>Claro que n\u00e3o!<\/p>\n<p>Ent\u00e3o venha e compre na mais fofa Papelaria de Nil\u00f3polis, que certamente tamb\u00e9m \u00e9 a Papelaria mais fofa da Baixada e tamb\u00e9m do Brasil!<\/p>\n<p>Tamanho: 35cm.<\/p>\n<p><a href=\"https:\/\/video.aliexpress-media.com\/play\/u\/ae_sg_item\/3000905882023\/p\/1\/e\/6\/t\/10301\/5000120400728.mp4?from=chrome&#038;definition=h265\">https:\/\/video.aliexpress-media.com\/play\/u\/ae_sg_item\/3000905882023\/p\/1\/e\/6\/t\/10301\/5000120400728.mp4?from=chrome&#038;definition=h265<\/a> <\/p>\n<p><a href=\"https:\/\/bemfeitos.com.br\">Bem Feito Presentes e Papelaria<\/a><\/p>\n","protected":false},"excerpt":{"rendered":"<p>Linda, fofa e muito gostosa Capivara de pel\u00facia com mochila de tartaruga que possui 35 cm de altura.<\/p>\n","protected":false},"featured_media":2929,"comment_status":"open","ping_status":"closed","template":"","meta":{"_monsterinsights_skip_tracking":false,"_monsterinsights_sitenote_active":false,"_monsterinsights_sitenote_note":"","_monsterinsights_sitenote_category":0,"site-sidebar-layout":"default","site-content-layout":"","ast-site-content-layout":"default","site-content-style":"default","site-sidebar-style":"default","ast-global-header-display":"","ast-banner-title-visibility":"","ast-main-header-display":"","ast-hfb-above-header-display":"","ast-hfb-below-header-display":"","ast-hfb-mobile-header-display":"","site-post-title":"","ast-breadcrumbs-content":"","ast-featured-img":"","footer-sml-layout":"","theme-transparent-header-meta":"default","adv-header-id-meta":"","stick-header-meta":"","header-above-stick-meta":"","header-main-stick-meta":"","header-below-stick-meta":"","astra-migrate-meta-layouts":"set"},"product_cat":[27],"product_tag":[155],"class_list":{"0":"post-2925","1":"product","2":"type-product","3":"status-publish","4":"has-post-thumbnail","6":"product_cat-brinquedos","7":"product_tag-capivara","8":"desktop-align-left","9":"tablet-align-left","10":"mobile-align-left","12":"first","13":"instock","14":"purchasable","15":"product-type-simple"},"aioseo_notices":[],"_links":{"self":[{"href":"https:\/\/bemfeitos.com.br\/index.php\/wp-json\/wp\/v2\/product\/2925"}],"collection":[{"href":"https:\/\/bemfeitos.com.br\/index.php\/wp-json\/wp\/v2\/product"}],"about":[{"href":"https:\/\/bemfeitos.com.br\/index.php\/wp-json\/wp\/v2\/types\/product"}],"replies":[{"embeddable":true,"href":"https:\/\/bemfeitos.com.br\/index.php\/wp-json\/wp\/v2\/comments?post=2925"}],"version-history":[{"count":1,"href":"https:\/\/bemfeitos.com.br\/index.php\/wp-json\/wp\/v2\/product\/2925\/revisions"}],"predecessor-version":[{"id":2930,"href":"https:\/\/bemfeitos.com.br\/index.php\/wp-json\/wp\/v2\/product\/2925\/revisions\/2930"}],"wp:featuredmedia":[{"embeddable":true,"href":"https:\/\/bemfeitos.com.br\/index.php\/wp-json\/wp\/v2\/media\/2929"}],"wp:attachment":[{"href":"https:\/\/bemfeitos.com.br\/index.php\/wp-json\/wp\/v2\/media?parent=2925"}],"wp:term":[{"taxonomy":"product_cat","embeddable":true,"href":"https:\/\/bemfeitos.com.br\/index.php\/wp-json\/wp\/v2\/product_cat?post=2925"},{"taxonomy":"product_tag","embeddable":true,"href":"https:\/\/bemfeitos.com.br\/index.php\/wp-json\/wp\/v2\/product_tag?post=2925"}],"curies":[{"name":"wp","href":"https:\/\/api.w.org\/{rel}","templated":true}]}}