{"id":310,"date":"2023-08-28T22:47:55","date_gmt":"2023-08-29T01:47:55","guid":{"rendered":"https:\/\/bemfeitos.com.br\/?post_type=product&#038;p=310"},"modified":"2024-03-07T13:08:53","modified_gmt":"2024-03-07T16:08:53","slug":"lapis-infinito-hb-rosa","status":"publish","type":"product","link":"https:\/\/bemfeitos.com.br\/index.php\/product\/lapis-infinito-hb-rosa\/","title":{"rendered":"L\u00e1pis infinito HB Rosa da Newpen &#8211; 100 l\u00e1pis em 1"},"content":{"rendered":"<p>Chegou o L\u00e1pis infinito que n\u00e3o precisa apontar!<\/p>\n<p>O L\u00e1pis Infinito da Newpen equivale a 100 l\u00e1pis comuns e possui uma tecnologia que consegue comprimir 100 grafites em nano part\u00edculas de grafeno, que \u00e9 um material mais resistente que o grafite natural. O grafeno faz com que ele se desgaste mais lentamente que o grafite comum, o que torna a durabilidade dele igual a 100 l\u00e1pis comuns.<\/p>\n<p>Com esse l\u00e1pis voc\u00ea n\u00e3o precisa mais de apontador, porque ele n\u00e3o precisa apontar! Al\u00e9m disso, n\u00e3o utiliza madeira, \u00e9 um produto sustent\u00e1vel e possui grafite HB.<\/p>\n<p><strong>Especifica\u00e7\u00f5es<\/strong><\/p>\n<ul>\n<li>Cont\u00e9m 1 unidade<\/li>\n<li>HB Preto e cor externa rosa<\/li>\n<li>N\u00e3o precisa apontar<\/li>\n<li>Escreve mais de 20km<\/li>\n<\/ul>\n<p>Marca: Newpen<\/p>\n","protected":false},"excerpt":{"rendered":"<p>Chegou o L\u00e1pis infinito que n\u00e3o precisa apontar! O L\u00e1pis Infinito da Newpen equivale a 100 l\u00e1pis comuns e possui uma tecnologia que consegue comprimir 100 grafites em nano part\u00edculas de grafeno, que \u00e9 um material mais resistente que o grafite natural. O grafeno faz com que ele se desgaste mais lentamente que o grafite &hellip;<\/p>\n<p class=\"read-more\"> <a class=\"\" href=\"https:\/\/bemfeitos.com.br\/index.php\/product\/lapis-infinito-hb-rosa\/\"> <span class=\"screen-reader-text\">L\u00e1pis infinito HB Rosa da Newpen &#8211; 100 l\u00e1pis em 1<\/span> Leia mais &raquo;<\/a><\/p>\n","protected":false},"featured_media":322,"comment_status":"open","ping_status":"closed","template":"","meta":{"_monsterinsights_skip_tracking":false,"_monsterinsights_sitenote_active":false,"_monsterinsights_sitenote_note":"","_monsterinsights_sitenote_category":0,"site-sidebar-layout":"default","site-content-layout":"","ast-site-content-layout":"default","site-content-style":"default","site-sidebar-style":"default","ast-global-header-display":"","ast-banner-title-visibility":"","ast-main-header-display":"","ast-hfb-above-header-display":"","ast-hfb-below-header-display":"","ast-hfb-mobile-header-display":"","site-post-title":"","ast-breadcrumbs-content":"","ast-featured-img":"","footer-sml-layout":"","theme-transparent-header-meta":"default","adv-header-id-meta":"","stick-header-meta":"","header-above-stick-meta":"","header-main-stick-meta":"","header-below-stick-meta":"","astra-migrate-meta-layouts":"set"},"product_cat":[36],"product_tag":[45],"class_list":{"0":"post-310","1":"product","2":"type-product","3":"status-publish","4":"has-post-thumbnail","6":"product_cat-lapis","7":"product_tag-newpen","8":"desktop-align-left","9":"tablet-align-left","10":"mobile-align-left","12":"first","13":"instock","14":"purchasable","15":"product-type-simple"},"aioseo_notices":[],"_links":{"self":[{"href":"https:\/\/bemfeitos.com.br\/index.php\/wp-json\/wp\/v2\/product\/310"}],"collection":[{"href":"https:\/\/bemfeitos.com.br\/index.php\/wp-json\/wp\/v2\/product"}],"about":[{"href":"https:\/\/bemfeitos.com.br\/index.php\/wp-json\/wp\/v2\/types\/product"}],"replies":[{"embeddable":true,"href":"https:\/\/bemfeitos.com.br\/index.php\/wp-json\/wp\/v2\/comments?post=310"}],"version-history":[{"count":3,"href":"https:\/\/bemfeitos.com.br\/index.php\/wp-json\/wp\/v2\/product\/310\/revisions"}],"predecessor-version":[{"id":852,"href":"https:\/\/bemfeitos.com.br\/index.php\/wp-json\/wp\/v2\/product\/310\/revisions\/852"}],"wp:featuredmedia":[{"embeddable":true,"href":"https:\/\/bemfeitos.com.br\/index.php\/wp-json\/wp\/v2\/media\/322"}],"wp:attachment":[{"href":"https:\/\/bemfeitos.com.br\/index.php\/wp-json\/wp\/v2\/media?parent=310"}],"wp:term":[{"taxonomy":"product_cat","embeddable":true,"href":"https:\/\/bemfeitos.com.br\/index.php\/wp-json\/wp\/v2\/product_cat?post=310"},{"taxonomy":"product_tag","embeddable":true,"href":"https:\/\/bemfeitos.com.br\/index.php\/wp-json\/wp\/v2\/product_tag?post=310"}],"curies":[{"name":"wp","href":"https:\/\/api.w.org\/{rel}","templated":true}]}}