{"id":379,"date":"2023-08-30T03:23:02","date_gmt":"2023-08-30T06:23:02","guid":{"rendered":"https:\/\/bemfeitos.com.br\/?post_type=product&#038;p=379"},"modified":"2024-03-07T13:05:08","modified_gmt":"2024-03-07T16:05:08","slug":"cola-bastao-fun-cis","status":"publish","type":"product","link":"https:\/\/bemfeitos.com.br\/index.php\/product\/cola-bastao-fun-cis\/","title":{"rendered":"Cola Bast\u00e3o Fun CIS"},"content":{"rendered":"<p style=\"font-weight: 400;\"><span style=\"font-style: inherit; font-weight: inherit;\">A cola bast\u00e3o Fun Cis \u00e9 um produto incr\u00edvel para quem busca praticidade e qualidade em seus trabalhos. Com 13g, sua f\u00f3rmula n\u00e3o t\u00f3xica e secagem r\u00e1pida, essa cola \u00e9 perfeita para uso em pap\u00e9is, cart\u00f5es, fotos e envelopes. Al\u00e9m disso, a cola bast\u00e3o Fun 13g est\u00e1 dispon\u00edvel em um modelo muito mais fofo e inovador, com 3 op\u00e7\u00f5es de estampas de animais muito lindas e fofas para serem os seus companheiros e deixar o seu dia-a-dia mais divertido!<\/span><\/p>\n<p style=\"font-weight: 400;\"><span style=\"font-style: inherit; font-weight: inherit;\">Compre agora a cola bast\u00e3o Fun da Cis e deixe seus trabalhos ainda mais bonitos!<\/span><\/p>\n<p style=\"font-weight: 400;\"><span style=\"font-style: inherit; font-weight: inherit;\"><b><span style=\"font-style: inherit;\">Especifica\u00e7\u00f5es do Produto:<\/span><\/b><\/span><\/p>\n<p style=\"font-weight: 400;\"><span style=\"font-style: inherit; font-weight: inherit;\">Modelo: Cola Bast\u00e3o Fun\u00a013g<\/span><\/p>\n<p style=\"font-weight: 400;\"><span style=\"font-style: inherit; font-weight: inherit;\">Marca: CIS\u00a0<\/span><\/p>\n<p style=\"font-weight: 400;\"><span style=\"font-style: inherit; font-weight: inherit;\">Cont\u00e9m: 1 unidade<\/span><\/p>\n<p style=\"font-weight: 400;\"><span style=\"font-style: inherit; font-weight: inherit;\">Dimens\u00f5es do Produto: 9,2&#215;2,5&#215;2,5cm<\/span><\/p>\n<p style=\"font-weight: 400;\"><span style=\"font-style: inherit; font-weight: inherit;\">Peso: 30g<\/span><\/p>\n<p style=\"font-weight: 400;\">\n<p><a href=\"https:\/\/bemfeitos.com.br\">Bem-Feito Presentes e Papelaria<\/a><\/p>\n","protected":false},"excerpt":{"rendered":"<p><span style=\"font-style: inherit; font-weight: inherit;\">A cola bast\u00e3o Fun Cis \u00e9 um produto incr\u00edvel para quem busca praticidade e qualidade. Cola \u00e9 perfeita para uso em pap\u00e9is, cart\u00f5es, fotos e envelopes.<\/span><\/p>\n","protected":false},"featured_media":384,"comment_status":"open","ping_status":"closed","template":"","meta":{"_monsterinsights_skip_tracking":false,"_monsterinsights_sitenote_active":false,"_monsterinsights_sitenote_note":"","_monsterinsights_sitenote_category":0,"site-sidebar-layout":"default","site-content-layout":"","ast-site-content-layout":"default","site-content-style":"default","site-sidebar-style":"default","ast-global-header-display":"","ast-banner-title-visibility":"","ast-main-header-display":"","ast-hfb-above-header-display":"","ast-hfb-below-header-display":"","ast-hfb-mobile-header-display":"","site-post-title":"","ast-breadcrumbs-content":"","ast-featured-img":"","footer-sml-layout":"","theme-transparent-header-meta":"default","adv-header-id-meta":"","stick-header-meta":"","header-above-stick-meta":"","header-main-stick-meta":"","header-below-stick-meta":"","astra-migrate-meta-layouts":"set"},"product_cat":[143],"product_tag":[44],"class_list":{"0":"post-379","1":"product","2":"type-product","3":"status-publish","4":"has-post-thumbnail","6":"product_cat-cola","7":"product_tag-cis","8":"desktop-align-left","9":"tablet-align-left","10":"mobile-align-left","12":"first","13":"instock","14":"purchasable","15":"product-type-variable"},"aioseo_notices":[],"_links":{"self":[{"href":"https:\/\/bemfeitos.com.br\/index.php\/wp-json\/wp\/v2\/product\/379"}],"collection":[{"href":"https:\/\/bemfeitos.com.br\/index.php\/wp-json\/wp\/v2\/product"}],"about":[{"href":"https:\/\/bemfeitos.com.br\/index.php\/wp-json\/wp\/v2\/types\/product"}],"replies":[{"embeddable":true,"href":"https:\/\/bemfeitos.com.br\/index.php\/wp-json\/wp\/v2\/comments?post=379"}],"version-history":[{"count":3,"href":"https:\/\/bemfeitos.com.br\/index.php\/wp-json\/wp\/v2\/product\/379\/revisions"}],"predecessor-version":[{"id":386,"href":"https:\/\/bemfeitos.com.br\/index.php\/wp-json\/wp\/v2\/product\/379\/revisions\/386"}],"wp:featuredmedia":[{"embeddable":true,"href":"https:\/\/bemfeitos.com.br\/index.php\/wp-json\/wp\/v2\/media\/384"}],"wp:attachment":[{"href":"https:\/\/bemfeitos.com.br\/index.php\/wp-json\/wp\/v2\/media?parent=379"}],"wp:term":[{"taxonomy":"product_cat","embeddable":true,"href":"https:\/\/bemfeitos.com.br\/index.php\/wp-json\/wp\/v2\/product_cat?post=379"},{"taxonomy":"product_tag","embeddable":true,"href":"https:\/\/bemfeitos.com.br\/index.php\/wp-json\/wp\/v2\/product_tag?post=379"}],"curies":[{"name":"wp","href":"https:\/\/api.w.org\/{rel}","templated":true}]}}