{"id":489,"date":"2023-09-05T00:43:06","date_gmt":"2023-09-05T03:43:06","guid":{"rendered":"https:\/\/bemfeitos.com.br\/?post_type=product&#038;p=489"},"modified":"2024-03-07T13:34:40","modified_gmt":"2024-03-07T16:34:40","slug":"highlighter-up-pastel","status":"publish","type":"product","link":"https:\/\/bemfeitos.com.br\/index.php\/product\/highlighter-up-pastel\/","title":{"rendered":"Hightlighter Up! Pastel"},"content":{"rendered":"<p style=\"font-weight: 400;\"><span style=\"font-style: inherit; font-weight: inherit;\">Uma op\u00e7\u00e3o vers\u00e1til para quem gosta de desenhar ou fazer lettering \u00e9 o marca-texto Hightlighter Up! Pastel, que possibilita a cria\u00e7\u00e3o de dois tipos de tra\u00e7os distintos: fino e grosso. Essa caracter\u00edstica \u00fanica proporciona uma ampla gama de possibilidades para expressar sua criatividade.<\/span><\/p>\n<p style=\"font-weight: 400;\"><span style=\"font-style: inherit; font-weight: inherit;\"><b><span style=\"font-style: inherit;\">Diferenciais:<\/span><\/b><\/span><\/p>\n<ul style=\"font-weight: 400;\">\n<li style=\"font-style: inherit; font-weight: inherit;\" aria-level=\"1\"><span style=\"font-style: inherit; font-weight: inherit;\">Com cores incr\u00edveis para desenhar, ilustrar e colorir seus projetos.<\/span><\/li>\n<li style=\"font-style: inherit; font-weight: inherit;\" aria-level=\"1\"><span style=\"font-style: inherit; font-weight: inherit;\">Tinta \u00e0 base de \u00e1gua de secagem r\u00e1pida.<\/span><\/li>\n<li style=\"font-style: inherit; font-weight: inherit;\" aria-level=\"1\"><span style=\"font-style: inherit; font-weight: inherit;\">Podem ficar destampado por 48h.<\/span><\/li>\n<li style=\"font-style: inherit; font-weight: inherit;\" aria-level=\"1\"><span style=\"font-style: inherit; font-weight: inherit;\">Para uso art\u00edstico ou profissional.<\/span><\/li>\n<li style=\"font-style: inherit; font-weight: inherit;\" aria-level=\"1\"><span style=\"font-style: inherit; font-weight: inherit;\">Evite expor diretamente aos raios solares, tampe ap\u00f3s o uso.<\/span><\/li>\n<\/ul>\n<p style=\"font-weight: 400;\"><span style=\"font-style: inherit; font-weight: inherit;\"><b><span style=\"font-style: inherit;\">Especifica\u00e7\u00f5es:<\/span><\/b><\/span><\/p>\n<p style=\"font-weight: 400;\"><span style=\"font-style: inherit; font-weight: inherit;\"><b><span style=\"font-style: inherit;\">Cor:<\/span><\/b> 6 cores.<\/span><\/p>\n<p style=\"font-weight: 400;\"><span style=\"font-style: inherit; font-weight: inherit;\"><b><span style=\"font-style: inherit;\">Indica\u00e7\u00f5es:<\/span><\/b> Para desenhar, ilustrar, colorir e lettering.<\/span><\/p>\n<p style=\"font-weight: 400;\"><span style=\"font-style: inherit; font-weight: inherit;\"><b><span style=\"font-style: inherit;\">Volume:<\/span><\/b> caixa com 6 unidades.<\/span><\/p>\n<p style=\"font-weight: 400;\"><span style=\"font-style: inherit; font-weight: inherit;\"><b><span style=\"font-style: inherit;\">Carga:<\/span><\/b> Tinta \u00e0 base de \u00e1gua.<\/span><\/p>\n<p style=\"font-weight: 400;\"><b><span style=\"font-style: inherit;\">Registro: <\/span><\/b><span style=\"font-style: inherit; font-weight: inherit;\">HK Certificadora 0116 Registro 005157-2022, INMETRO.<\/span><\/p>\n<p>Marca: Newpen<\/p>\n","protected":false},"excerpt":{"rendered":"<p><span style=\"font-style: inherit; font-weight: inherit;\">Uma op\u00e7\u00e3o vers\u00e1til para quem gosta de desenhar ou fazer lettering \u00e9 o marca-texto Hightlighter Up! Pastel.<\/span><\/p>\n","protected":false},"featured_media":490,"comment_status":"open","ping_status":"closed","template":"","meta":{"_monsterinsights_skip_tracking":false,"_monsterinsights_sitenote_active":false,"_monsterinsights_sitenote_note":"","_monsterinsights_sitenote_category":0,"site-sidebar-layout":"default","site-content-layout":"","ast-site-content-layout":"default","site-content-style":"default","site-sidebar-style":"default","ast-global-header-display":"","ast-banner-title-visibility":"","ast-main-header-display":"","ast-hfb-above-header-display":"","ast-hfb-below-header-display":"","ast-hfb-mobile-header-display":"","site-post-title":"","ast-breadcrumbs-content":"","ast-featured-img":"","footer-sml-layout":"","theme-transparent-header-meta":"default","adv-header-id-meta":"","stick-header-meta":"","header-above-stick-meta":"","header-main-stick-meta":"","header-below-stick-meta":"","astra-migrate-meta-layouts":"set"},"product_cat":[20],"product_tag":[45],"class_list":{"0":"post-489","1":"product","2":"type-product","3":"status-publish","4":"has-post-thumbnail","6":"product_cat-canetas","7":"product_tag-newpen","8":"desktop-align-left","9":"tablet-align-left","10":"mobile-align-left","12":"first","13":"instock","14":"purchasable","15":"product-type-simple"},"aioseo_notices":[],"_links":{"self":[{"href":"https:\/\/bemfeitos.com.br\/index.php\/wp-json\/wp\/v2\/product\/489"}],"collection":[{"href":"https:\/\/bemfeitos.com.br\/index.php\/wp-json\/wp\/v2\/product"}],"about":[{"href":"https:\/\/bemfeitos.com.br\/index.php\/wp-json\/wp\/v2\/types\/product"}],"replies":[{"embeddable":true,"href":"https:\/\/bemfeitos.com.br\/index.php\/wp-json\/wp\/v2\/comments?post=489"}],"version-history":[{"count":3,"href":"https:\/\/bemfeitos.com.br\/index.php\/wp-json\/wp\/v2\/product\/489\/revisions"}],"predecessor-version":[{"id":1223,"href":"https:\/\/bemfeitos.com.br\/index.php\/wp-json\/wp\/v2\/product\/489\/revisions\/1223"}],"wp:featuredmedia":[{"embeddable":true,"href":"https:\/\/bemfeitos.com.br\/index.php\/wp-json\/wp\/v2\/media\/490"}],"wp:attachment":[{"href":"https:\/\/bemfeitos.com.br\/index.php\/wp-json\/wp\/v2\/media?parent=489"}],"wp:term":[{"taxonomy":"product_cat","embeddable":true,"href":"https:\/\/bemfeitos.com.br\/index.php\/wp-json\/wp\/v2\/product_cat?post=489"},{"taxonomy":"product_tag","embeddable":true,"href":"https:\/\/bemfeitos.com.br\/index.php\/wp-json\/wp\/v2\/product_tag?post=489"}],"curies":[{"name":"wp","href":"https:\/\/api.w.org\/{rel}","templated":true}]}}