{"id":644,"date":"2023-09-09T12:23:00","date_gmt":"2023-09-09T15:23:00","guid":{"rendered":"https:\/\/bemfeitos.com.br\/?post_type=product&#038;p=644"},"modified":"2023-09-29T01:30:59","modified_gmt":"2023-09-29T04:30:59","slug":"caixa-organizadora-linho-pequena-blush-25x25x15cm","status":"publish","type":"product","link":"https:\/\/bemfeitos.com.br\/index.php\/product\/caixa-organizadora-linho-pequena-blush-25x25x15cm\/","title":{"rendered":"Caixa organizadora linho pequena Blush 25X25X15CM"},"content":{"rendered":"<p>Caixa organizadora linho pequena Blush (9,37 litros)<\/p>\n<p>Superf\u00edcie com textura semelhante a linho<\/p>\n<p>Produzido em polipropileno<\/p>\n<p>Vem com 2 al\u00e7as e 2 canais<\/p>\n<p>O produto vem com manual de instru\u00e7\u00f5es para montagem r\u00e1pida<\/p>\n<p>Tomada manual permite f\u00e1cil mobilidade<\/p>\n<p><strong>Peso<\/strong>: 0370 kg<\/p>\n<p><strong>Tamanho<\/strong>: 260 \u00d7 260 \u00d7 155 mm<\/p>\n<p>Marca: Dello<\/p>\n","protected":false},"excerpt":{"rendered":"<p>Caixa organizadora linho pequena Blush (9,37 litros)<\/p>\n<p>Superf\u00edcie com textura semelhante a linho<\/p>\n<p>Produzido em polipropileno<\/p>\n<p>Vem com 2 al\u00e7as e 2 canais<\/p>\n","protected":false},"featured_media":654,"comment_status":"open","ping_status":"closed","template":"","meta":{"_monsterinsights_skip_tracking":false,"_monsterinsights_sitenote_active":false,"_monsterinsights_sitenote_note":"","_monsterinsights_sitenote_category":0,"site-sidebar-layout":"default","site-content-layout":"","ast-site-content-layout":"default","site-content-style":"default","site-sidebar-style":"default","ast-global-header-display":"","ast-banner-title-visibility":"","ast-main-header-display":"","ast-hfb-above-header-display":"","ast-hfb-below-header-display":"","ast-hfb-mobile-header-display":"","site-post-title":"","ast-breadcrumbs-content":"","ast-featured-img":"","footer-sml-layout":"","theme-transparent-header-meta":"default","adv-header-id-meta":"","stick-header-meta":"","header-above-stick-meta":"","header-main-stick-meta":"","header-below-stick-meta":"","astra-migrate-meta-layouts":"set"},"product_cat":[26,16],"product_tag":[58,38],"class_list":{"0":"post-644","1":"product","2":"type-product","3":"status-publish","4":"has-post-thumbnail","6":"product_cat-escritorio","7":"product_cat-organizacao","8":"product_tag-caixa-organizadora-pequena","9":"product_tag-dello","10":"desktop-align-left","11":"tablet-align-left","12":"mobile-align-left","14":"first","15":"instock","16":"purchasable","17":"product-type-simple"},"aioseo_notices":[],"_links":{"self":[{"href":"https:\/\/bemfeitos.com.br\/index.php\/wp-json\/wp\/v2\/product\/644"}],"collection":[{"href":"https:\/\/bemfeitos.com.br\/index.php\/wp-json\/wp\/v2\/product"}],"about":[{"href":"https:\/\/bemfeitos.com.br\/index.php\/wp-json\/wp\/v2\/types\/product"}],"replies":[{"embeddable":true,"href":"https:\/\/bemfeitos.com.br\/index.php\/wp-json\/wp\/v2\/comments?post=644"}],"version-history":[{"count":2,"href":"https:\/\/bemfeitos.com.br\/index.php\/wp-json\/wp\/v2\/product\/644\/revisions"}],"predecessor-version":[{"id":1220,"href":"https:\/\/bemfeitos.com.br\/index.php\/wp-json\/wp\/v2\/product\/644\/revisions\/1220"}],"wp:featuredmedia":[{"embeddable":true,"href":"https:\/\/bemfeitos.com.br\/index.php\/wp-json\/wp\/v2\/media\/654"}],"wp:attachment":[{"href":"https:\/\/bemfeitos.com.br\/index.php\/wp-json\/wp\/v2\/media?parent=644"}],"wp:term":[{"taxonomy":"product_cat","embeddable":true,"href":"https:\/\/bemfeitos.com.br\/index.php\/wp-json\/wp\/v2\/product_cat?post=644"},{"taxonomy":"product_tag","embeddable":true,"href":"https:\/\/bemfeitos.com.br\/index.php\/wp-json\/wp\/v2\/product_tag?post=644"}],"curies":[{"name":"wp","href":"https:\/\/api.w.org\/{rel}","templated":true}]}}