{"id":72,"date":"2023-08-18T21:42:21","date_gmt":"2023-08-19T00:42:21","guid":{"rendered":"https:\/\/bemfeitos.com.br\/?post_type=product&#038;p=72"},"modified":"2023-12-11T23:29:20","modified_gmt":"2023-12-12T02:29:20","slug":"pasta-aba-elastico-a4-panda","status":"publish","type":"product","link":"https:\/\/bemfeitos.com.br\/index.php\/product\/pasta-aba-elastico-a4-panda\/","title":{"rendered":"Pasta aba el\u00e1stico A4 Panda"},"content":{"rendered":"<p>A pasta aba el\u00e1stico A4 Panda s\u00e3o as coisas mais fofas desse mundo!<\/p>\n<p>A nova linha Little Panda conquista cora\u00e7\u00f5es em duas vers\u00f5es: verde e rosa.<\/p>\n<p>Pasta aba el\u00e1stico em polipropileno com impress\u00e3o em offset.<\/p>\n<p>Possui abas para fixar os documentos no interior da pasta e el\u00e1stico para fechamento com termina\u00e7\u00e3o em pl\u00e1stico.<\/p>\n<p>Produto certificado pelo INMETRO 001548\/2013 OCP 0006.<\/p>\n<div class=\"informacoes\">\n<div class=\"product-properties\">\n<p><strong>Peso<\/strong>: 0.08 kg<\/p>\n<p><strong>Dimens\u00f5es<\/strong>: 310 \u00d7 220 mm<\/p>\n<p><strong>Cor<\/strong>: Panda Rosa, Panda Verde<\/p>\n<p>Marca: Dello<\/p>\n<\/div>\n<p><a href=\"https:\/\/bemfeitos.com.br\">Bem-Feito Presentes e Papelaria<\/a><\/p>\n<\/div>\n","protected":false},"excerpt":{"rendered":"<p>A pasta aba el\u00e1stico A4 Panda possui abas para fixar os documentos no interior da pasta e el\u00e1stico para fechamento com termina\u00e7\u00e3o em pl\u00e1stico.<\/p>\n","protected":false},"featured_media":642,"comment_status":"open","ping_status":"closed","template":"","meta":{"_monsterinsights_skip_tracking":false,"_monsterinsights_sitenote_active":false,"_monsterinsights_sitenote_note":"","_monsterinsights_sitenote_category":0,"site-sidebar-layout":"default","site-content-layout":"","ast-site-content-layout":"default","site-content-style":"default","site-sidebar-style":"default","ast-global-header-display":"","ast-banner-title-visibility":"","ast-main-header-display":"","ast-hfb-above-header-display":"","ast-hfb-below-header-display":"","ast-hfb-mobile-header-display":"","site-post-title":"","ast-breadcrumbs-content":"","ast-featured-img":"","footer-sml-layout":"","theme-transparent-header-meta":"default","adv-header-id-meta":"","stick-header-meta":"","header-above-stick-meta":"","header-main-stick-meta":"","header-below-stick-meta":"","astra-migrate-meta-layouts":"set"},"product_cat":[16,22],"product_tag":[38],"class_list":{"0":"post-72","1":"product","2":"type-product","3":"status-publish","4":"has-post-thumbnail","6":"product_cat-organizacao","7":"product_cat-pasta","8":"product_tag-dello","9":"desktop-align-left","10":"tablet-align-left","11":"mobile-align-left","13":"first","14":"instock","15":"purchasable","16":"product-type-variable","17":"has-default-attributes"},"aioseo_notices":[],"_links":{"self":[{"href":"https:\/\/bemfeitos.com.br\/index.php\/wp-json\/wp\/v2\/product\/72"}],"collection":[{"href":"https:\/\/bemfeitos.com.br\/index.php\/wp-json\/wp\/v2\/product"}],"about":[{"href":"https:\/\/bemfeitos.com.br\/index.php\/wp-json\/wp\/v2\/types\/product"}],"replies":[{"embeddable":true,"href":"https:\/\/bemfeitos.com.br\/index.php\/wp-json\/wp\/v2\/comments?post=72"}],"version-history":[{"count":3,"href":"https:\/\/bemfeitos.com.br\/index.php\/wp-json\/wp\/v2\/product\/72\/revisions"}],"predecessor-version":[{"id":641,"href":"https:\/\/bemfeitos.com.br\/index.php\/wp-json\/wp\/v2\/product\/72\/revisions\/641"}],"wp:featuredmedia":[{"embeddable":true,"href":"https:\/\/bemfeitos.com.br\/index.php\/wp-json\/wp\/v2\/media\/642"}],"wp:attachment":[{"href":"https:\/\/bemfeitos.com.br\/index.php\/wp-json\/wp\/v2\/media?parent=72"}],"wp:term":[{"taxonomy":"product_cat","embeddable":true,"href":"https:\/\/bemfeitos.com.br\/index.php\/wp-json\/wp\/v2\/product_cat?post=72"},{"taxonomy":"product_tag","embeddable":true,"href":"https:\/\/bemfeitos.com.br\/index.php\/wp-json\/wp\/v2\/product_tag?post=72"}],"curies":[{"name":"wp","href":"https:\/\/api.w.org\/{rel}","templated":true}]}}